03105 - -5?
-503100
In base 4, what is -120000 - 31?
-120031
In base 16, what is -f77e + -9?
-f787
In base 5, what is 1442001 - 11?
1441440
In base 16, what is -968bc - -4?
-968b8
In base 11, what is -4 - -4306?
4302
In base 10, what is 59643 + 1?
59644
In base 4, what is 1113030101 - 3?
1113030032
In base 3, what is -2120102 - 1001020?
-10121122
In base 2, what is -11 - -11100011100010011?
11100011100010000
In base 7, what is -46 + -50166?
-50245
In base 5, what is 3402044 - 10?
3402034
In base 13, what is -66 - 1900c?
-19075
In base 10, what is -218 + 827?
609
In base 15, what is 8e870 - 1?
8e86e
In base 15, what is 7aa + -14a?
660
In base 9, what is 10631 + 23?
10654
In base 12, what is 2129 - 4?
2125
In base 5, what is 13031 - -2102?
20133
In base 15, what is -116c - -d?
-115e
In base 15, what is -5773d - -3?
-5773a
In base 8, what is -5 + 36070?
36063
In base 4, what is 112 - -210310203?
210310321
In base 2, what is 1100001110011 + -110110?
1100000111101
In base 7, what is -1165 - 30262?
-31460
In base 4, what is -101 + 230022?
223321
In base 12, what is -3399 - 9?
-33a6
In base 6, what is -11011 - -1105?
-5502
In base 10, what is 1703 - -576?
2279
In base 10, what is 551 - 16?
535
In base 16, what is -481 - -838?
3b7
In base 10, what is 16436 + 3?
16439
In base 3, what is -100012020 - 10?
-100012100
In base 14, what is -6 - 4594?
-459a
In base 15, what is 4 - -9d4b?
9d50
In base 15, what is -2e7 - -103?
-1e4
In base 14, what is -128713 - 4?
-128717
In base 4, what is 2 + -130321131?
-130321123
In base 9, what is -3258 - 3?
-3262
In base 9, what is 3 - -27531?
27534
In base 5, what is 103321 + -1?
103320
In base 8, what is -1242351 - -4?
-1242345
In base 6, what is 125101 - 3?
125054
In base 15, what is 4 + -3055?
-3051
In base 16, what is -789 + -188?
-911
In base 10, what is -28 - 4578?
-4606
In base 10, what is 282 - -1950?
2232
In base 16, what is -d1 + -103?
-1d4
In base 2, what is 11000110 - -110110110110?
111001111100
In base 16, what is 5 + -255?
-250
In base 16, what is -2 - 5309?
-530b
In base 6, what is 4 - 2043144?
-2043140
In base 7, what is 0 - 335143?
-335143
In base 8, what is -133 - -226?
73
In base 12, what is 1388 - 36?
1352
In base 2, what is -1 - -1001011111?
1001011110
In base 15, what is -693 + 10e?
-584
In base 11, what is 1564 + -2233?
-77a
In base 4, what is 10131130 - -2303?
10200033
In base 15, what is 5 + -1714d2?
-1714cc
In base 15, what is 93b98 + 0?
93b98
In base 3, what is -20 + 100012221?
100012201
In base 14, what is 4 + 30d98?
30d9c
In base 4, what is -2021 - 13321?
-22002
In base 3, what is -101 - -2100200100?
2100122222
In base 8, what is 121226 - 0?
121226
In base 14, what is -8c3 - 19?
-8dc
In base 10, what is 2 - 7123?
-7121
In base 15, what is -331 - a0?
-3d1
In base 14, what is 1c88 + 38?
1cc2
In base 15, what is -3220 - -32?
-31dd
In base 3, what is -12 - -12100210021?
12100210002
In base 3, what is 2120 + 2010021?
2012211
In base 14, what is -60d - 72?
-681
In base 14, what is -37 - 424?
-45b
In base 4, what is -23233 - -1023?
-22210
In base 3, what is 1201 - -2020111?
2022012
In base 6, what is -450134 + 20?
-450114
In base 6, what is -1011 - -34235?
33224
In base 10, what is 182 - 21?
161
In base 6, what is -45025 - -5334?
-35251
In base 16, what is -5 - -8102?
80fd
In base 13, what is -5 - -16c97?
16c92
In base 11, what is 7229 - -3?
7231
In base 5, what is -4243 - -10?
-4233
In base 3, what is 121 - -10020001?
10020122
In base 2, what is -1000101010111111011010 + 100?
-1000101010111111010110
In base 12, what is 3 - -24664?
24667
In base 11, what is -5 - 246046?
-246050
In base 14, what is 6 + 74c5c?
74c64
In base 7, what is -46012 + -5?
-46020
In base 3, what is -2 - -11111210100?
11111210021
In base 6, what is 10454 - -200?
11054
In base 11, what is -138343 + -2?
-138345
In base 14, what is -26b35 + 1?
-26b34
In base 12, what is 3 + -25840?
-25839
In base 5, what is 4 + 213231031?
213231040
In base 3, what is -202221 + -200?
-210121
In base 3, what is -12221002011221 + 12?
-12221002011202
In base 13, what is -5 - a215?
-a21a
In base 13, what is -1a + 27c6?
27a9
In base 3, what is -12110002 - -10?
-12102222
In base 13, what is 277 + -19?
25b
In base 3, what is 101012020011 + -12?
101012012222
In base 9, what is -46 + 4583?
4536
In base 8, what is 53635 - 2?
53633
In base 3, what is -1 - -12120201102?
12120201101
In base 14, what is -29a1 - 0?
-29a1
In base 7, what is -303635 + 2?
-303633
In base 16, what is -42 - -1f93?
1f51
In base 14, what is 145 + -29d1?
-288a
In base 6, what is -1335 + 205?
-1130
In base 11, what is 1452470 - 5?
1452466
In base 16, what is -834 + -23a?
-a6e
In base 6, what is -1340410 - 3?
-1340413
In base 16, what is 18 - -9bf?
9d7
In base 10, what is -549 + -30?
-579
In base 15, what is -3d6 - 1e?
-405
In base 14, what is 5029 + -49?
4dc0
In base 10, what is -4 + 13074?
13070
In base 16, what is 5022a - 3?
50227
In base 13, what is 3 - bb077?
-bb074
In base 11, what is -4 + -172a37?
-172a40
In base 9, what is -168 + -22087?
-22266
In base 3, what is 11022121002 - 11?
11022120221
In base 7, what is 3 - -25255?
25261
In base 7, what is 11644130 - 1?
11644126
In base 11, what is -598a6 - 2?
-598a8
In base 16, what is 52 - 392d?
-38db
In base 2, what is 0 + 10111001111100010?
10111001111100010
In base 9, what is 433 - 52?
371
In base 6, what is 432 + 31?
503
In base 7, what is -2 + -151502?
-151504
In base 13, what is 1 + 6474?
6475
In base 6, what is -24 - 1004100?
-1004124
In base 16, what is 1e7 + 2b?
212
In base 8, what is -16 + -57737?
-57755
In base 4, what is -2222 - 33?
-2321
In base 8, what is 27046 + 5?
27053
In base 12, what is -9160 + -5?
-9165
In base 15, what is -2 - -345?
343
In base 11, what is -5 - -12178?
12173
In base 16, what is -268 + 15a?
-10e
In base 2, what is 101 + -10010110000010010?
-10010110000001101
In base 13, what is 4b93 - 1?
4b92
In base 10, what is 3 - -145878?
145881
In base 14, what is 3c8bd - -3?
3c8c2
In base 7, what is 132 - -253?
415
In base 11, what is 4 + -8159a3?
-81599a
In base 10, what is 11342 + -2?
11340
In base 14, what is 1511 - a?
1505
In base 4, what is 12131322 - 1?
12131321
In base 2, what is 1011000101 - -10100000?
1101100101
In base 15, what is 0 + a2a9?
a2a9
In base 12, what is -3 - 10727?
-1072a
In base 11, what is -3 + 529a52?
529a4a
In base 9, what is 31357 + -4?
31353
In base 10, what is 41233 - 3?
41230
In base 2, what is -101 + 11100010111001000?
11100010111000011
In base 15, what is e5 + e0e?
1004
In base 8, what is 3173017 + -4?
3173013
In base 6, what is 0 + -14434102?
-14434102
In base 16, what is -ac58d - -2?
-ac58b
In base 6, what is 5 - -1023503?
1023512
In base 12, what is 28 - 972?
-946
In base 15, what is 16298 + -25?
16273
In base 9, what is 483 + -283?
200
In base 14, what is -2 - b2460?
-b2462
In base 16, what is 1158 + -d?
114b
In base 2, what is -111010 - 100?
-111110
In base 16, what is 0 + 3e19?
3e19
In base 2, what is -11010000100001 - -10000?
-11010000010001
In base 13, what is -6200 - c?
-620c
In base 7, what is -334 + 341?
4
In base 10, what is -497 + 34?
-463
In base 11, what is 329 + -405?
-87
In base 7, what is -53 - -303?
220
In base 2, what is 101 - -11100000111001110111?
11100000111001111100
In base 5, what is 0 - -311203?
311203
In base 5, what is -124 + -11020?
-11144
In base 15, what is -2a - 14a72?
-14a9c
In base 12, what is 4 + -9173?
-916b
In base 12, what is -6971b8 - 3?
-6971bb
In base 8, what is 16711 + 16?
16727
In base 14, what is -5 + 80b1?
80aa
In base 6, what is -1 - -444211?
444210
In base 15, what is e2e5 + 1?
e2e6
In base 2, what is -10 - 10001100000011?
-10001100000101
In base 5, what is 142 + -1022002?
-1021310
In base 14, what is -240 - -286?
46
In base 15, what is 4e + -d4?
-85
In base 15, what is 0 - 7591?
-7591
In base 2, what is -10101000 + 10110000101010?
10101110000010
In base 10, what is 5 - -8786?
8791
In base 7, what is -130564 - 0?
-130564
In base 16, what is -4 + -5b8e?
-5b92
In base 10, what is 6 - -996?
1002
In base 7, what is -115304 - 0?
-115304
In base 14, what is 7 + 850ab?
850b4
In base 6, what is 5 - 112150?
-112141
In base 11, what is -229 + -55?
-283
In base 4, what is 13 - 1001001?
-1000322
In base 3, what is -1 - -100210?
100202
In base 